 be ((-14)/(-21) - 2/12)*0. Suppose -2*r - 3*t + 1 = -4, c = 3*r + 4*t - 6. Is g(r) prime?
True
Let d(m) = 16*m**2 + 2*m + 31. Let r(b) = 6*b + 21. Let j be r(-4). Let f be 1 - (j + -8 + (-1 - -3)). Is d(f) composite?
True
Let t(f) = f**3 - 2*f**2 - 2*f + 4. Let b be t(2). Let n = -107 - b. Let w = 356 + n. Is w composite?
True
Suppose 219*u = 29230447 - 2059666 + 4002336. Is u prime?
False
Suppose 0 = 3*w + 67 - 52. Let d be 5/(w/(-3)) + (-6)/3. Suppose 6*g - d = 7*g, -5*b + g + 296 = 0. Is b composite?
False
Let n(c) = -c**2 + 17*c + 2. Let q be n(17). Suppose -q*y = 3289 - 823. Is (-6 - y)*(-1 - -2) prime?
False
Let h = 198687 - 102724. Is h a prime number?
False
Suppose 26*c - 2609543 = 9740157 - 584778. Is c a prime number?
True
Suppose -967737 + 32923 = -17*v + 420273. Is v prime?
False
Let h(w) = -w**3 + 5*w**2 - 4*w + 6. Let a be h(3). Let l(t) = 502*t - 287. Is l(a) a prime number?
True
Let z(r) = -2*r + 14. Let w(l) = l**2 + 20*l - 15. Let j be w(-21). Let b be z(j). Suppose -5*t - b*k + 815 = 0, -3*k = -k. Is t composite?
False
Suppose -5*h - 58 = -3*r, -2*h + 6*h + 2*r = -64. Suppose 4*n = -3*u - 1269, 5*n + 5*u - 4*u + 1589 = 0. Is (4/h + n/(-84))*178 a composite number?
True
Suppose 4*j + 4858 = 5*j + 4*p, -12 = -3*p. Suppose 4*o + 8122 = 2*z, 2*z + 5*o - 3235 = j. Is z composite?
False
Is (-1 + -2)*(-6257667)/117 composite?
False
Is 403253/(-3 - -1 - 5*57/(-95)) composite?
False
Suppose -3*b = 3*x - x + 1390, -5*x + 4*b - 3429 = 0. Let a = -391 - x. Suppose 2*n + 2*c - a = 0, 0*n - n - 4*c + 149 = 0. Is n a prime number?
True
Suppose 0 = 2*r + 5*d - 122447, -183648 = -20*r + 17*r - 3*d. Is r a prime number?
True
Suppose -j = -3*j + 24. Suppose -p + 65 = j*p. Is (-18878)/(-18) + p/(90/4) composite?
False
Suppose 0 = -9*l + 5*l + 12. Suppose 4*t + 20 = 0, -l*n + 4*t + 23 = -6*n. Is (12/(-16) - 131/(-4)) + n a composite number?
False
Let f(o) be the third derivative of -o**6/30 + o**5/60 + 5*o**4/12 - 7*o**3/3 + 32*o**2. Let m be f(-9). Suppose -5*w = -6*w + m. Is w prime?
False
Let w(f) = 4*f - 59. Let n be w(17). Let g(d) = 38*d**2 - 10*d - 5. Is g(n) prime?
False
Suppose 118*w - 138*w + 1305580 = 0. Is w composite?
True
Suppose 5*c + b - 32232 + 142750 = 0, 3*b - 6 = 0. Let o(z) = -2*z + 3. Let d be o(2). Is d/(-1*4) + c/(-32) a prime number?
True
Let x(f) = f**2 - f. Let j(q) = q**2 + q + 1. Let c(i) = -11*i**2 - 10*i + 20. Let w(h) = c(h) + 5*j(h). Let o(k) = -w(k) - 4*x(k). Is o(10) composite?
True
Let r(n) = 12598*n**2 - 2193*n + 13183. Is r(6) a prime number?
True
Let m be (3/(-5) + (-4)/10)*-489. Let y = m - 1458. Let t = -322 - y. Is t prime?
True
Suppose 0 = -3*m - m - 12. Let c = 9 + m. Suppose -838 = c*h - 4876. Is h a composite number?
False
Let s(i) = 113*i - 23. Let w be s(3). Let y = 4297 - w. Is y prime?
False
Suppose -z - 60 = -5*z. Let t be (14/12 - (-5)/z)*2. Suppose 0 = -t*k + 776 + 1117. Is k prime?
True
Let r be (-133)/((1 - -6) + -8). Is 2413038/r + (-3)/21 a composite number?
False
Let i(m) = -186*m + 89 - 241*m + 64*m + 21*m. Is i(-22) composite?
True
Suppose -z = -4*i + 29 - 64, 38 = -4*i - 2*z. Is ((-9528)/i)/4 - 2/(-6) a prime number?
False
Let p(w) = 6 + 118*w**2 - 25 + 34*w**2 - 9*w. Let n(x) = 3*x**3 + 133*x**2 + 48*x + 170. Let r be n(-44). Is p(r) composite?
False
Suppose -4*r - 4*n = -9*r + 30992, -3*n - 12401 = -2*r. Let s = r - 2249. Is s prime?
True
Let r(h) = 2292*h**2 + 445*h - 16. Is r(5) a composite number?
False
Let a(h) = 2654*h**2 + 50*h - 353. Is a(6) composite?
True
Let g(p) = 2*p - 13. Let l be g(13). Suppose -462 = -7*x + l*x. Let f = 234 + x. Is f a prime number?
True
Let j = 238056 - 116917. Is j composite?
False
Let r(j) = j**3 + 179*j**2 + 624*j - 505. Is r(-149) a prime number?
True
Let p be (-11)/(-11)*(-3 + -2 + 8). Suppose -5*n - p*d = -5671, -3*n + 3*d + 3389 = -2*d. Is n a prime number?
False
Let x be (9/(-2) - -3) + 15/10. Suppose x = 35*p - 200519 + 35914. Is p composite?
False
Suppose -25*x + 26*x = 27. Let n be ((-6)/(-3) - x)*(3 + -901). Suppose -5*l = -15*l + n. Is l a composite number?
True
Suppose -k - 6*y + 4670 = -2*y, 0 = -3*k - y + 13966. Suppose -k - 4842 = -4*r. Is r a composite number?
True
Suppose 0 = 3*d + 5*a + 576 - 102985, 3*d - 102394 = -2*a. Let r = -21043 + d. Is r prime?
False
Suppose 66*g = 4*l + 63*g - 274553, -5*l = -14*g - 343263. Is l prime?
True
Let z be (-2 - (-22)/3)*115032/16. Suppose 4534 = 22*u - z. Is u composite?
False
Is (2 + (-36)/8)/((-2118370)/(-192580) + -11) a prime number?
False
Suppose 0*b + 4*b = -3*f + 825752, -206437 = -b - f. Is b a prime number?
False
Let z(j) = 2*j**2 - 37*j + 784. Is z(-57) prime?
True
Suppose -62*p + 5719144 = 38*p + 470244. Is p prime?
True
Let d be ((-1089)/18 - 7)*2/(-1). Suppose -341225 = d*v - 160*v. Is v composite?
False
Let g = -705 - 161. Suppose -2*f - 3*p + 2474 = -p, p + 2 = 0. Let s = g + f. Is s a composite number?
False
Let r be (-170514)/(-45) - (-1)/(-5). Let h = r + 1984. Is h a prime number?
False
Let w(g) = 224*g + 23. Suppose 18*i = -b + 23*i - 16, b - 3*i + 6 = 0. Is w(b) a prime number?
True
Is ((4436817/22)/(-21))/(5 - (-44)/(-8)) prime?
True
Let r(f) be the third derivative of 13/30*f**5 + 0 - f**4 + 42*f**2 + 0*f - 19/6*f**3. Is r(-8) a composite number?
True
Let f = -107160 - -183289. Is f a prime number?
True
Let j(z) = 5*z**2 - 14*z + 1. Suppose 0 = 4*p - 20, -14*f + 2*p - 20 = -13*f. Is j(f) prime?
True
Is (-61506768)/(-312) + (-4 - (-357)/91) a prime number?
True
Let y(r) = -r**3 - 25*r**2 + 358*r - 1. Is y(-44) composite?
False
Suppose -2*c = 2*t - 16, c - 14 = 8*t - 3*t. Suppose -24 = -2*o - 2*h, -3*h + c - 3 = 0. Suppose 4*d + 10902 = o*d. Is d composite?
True
Let w(i) = 24*i**2 + 54*i + 671. Is w(49) prime?
False
Suppose -5*p + t + 86 = -17, -p = t - 23. Is ((-1801)/1*-1)/(22 - p) a composite number?
False
Let l = 27516 + 35381. Is l composite?
False
Suppose 181112 = 4*p + 4*y, 26*p - 226435 = 21*p + 4*y. Is p composite?
True
Let y be (-2)/4*(-16)/4. Let a(g) = 12*g**2 + 9*g**2 + 7*g**2 - 17*g - 8 - 26*g**y. Is a(-5) a prime number?
True
Let s be 2*-23*(-5)/(-10). Let r(v) = -v**3 - 25*v**2 - 67*v - 12. Is r(s) a prime number?
False
Is (0 + -3)/((-30)/(-20))*84716/(-8) prime?
True
Let d = 10 - 1929. Let a = -600 - d. Is a a composite number?
False
Suppose -978671224 = -488*n + 112*n. Is n prime?
True
Suppose -543*k + 542*k + q + 24620 = 0, q + 1 = 0. Is k a composite number?
True
Is -3*((-2083570)/15)/2 prime?
False
Suppose -5*o = -4*h + 23191, 3*h = -h + 2*o + 23182. Let a(d) = -d**3 - 15*d**2 + 17*d - 15. Let r be a(10). Let p = h + r. Is p a prime number?
True
Let w = 147250 + -84101. Is w composite?
False
Let r(l) = -l + 15. Let p be r(9). Let q be -3 - ((1 - 7) + 0). Is ((-19)/q)/(23/p - 4) prime?
False
Suppose 0 = -m - 3*b + 1805, 2*m + 5*b - 3618 = b. Let w = 2845 - m. Let a = -613 + w. Is a composite?
True
Suppose 0 = -4*n - 4*d + 24, -3*n + 15 = 4*d - 4. Suppose -3544 = -n*i - a, -2*a - a = 3. Is i prime?
True
Suppose 3*z - 505 = u, 5*z + 3*u - 344 = 479. Suppose -10*r - z = -1437. Suppose -j - 2*j + 2*k = -381, j = -3*k + r. Is j composite?
False
Suppose 9780 = -15*o + 217845. Let w = 20029 - o. Is w prime?
False
Suppose 3*c - 4*v + 7225 = 0, -6*v = -5*c - 4*v - 12051. Let i = c - -4089. Is i a composite number?
True
Suppose 10*q = -0*q + 20. Suppose -4*r - 9 = -1, 4*f + q*r = 9928. Is f a prime number?
False
Let z(q) = -229 - 226 + 31*q + 455. Let y(w) = 6*w**2 + 1. Let k be y(-1). Is z(k) a prime number?
False
Let o(n) = -158*n + 63. Let h(a) = 156*a - 63. Let x(k) = -6*h(k) - 5*o(k). Is x(-25) prime?
False
Suppose -2*b + 52065 + 61689 = 0. Suppose -17*r = -66560 - b. Is r a composite number?
True
Is 20854/(-8)*(118 - 122) composite?
False
Let l(k) = 2090*k - 141. Is l(124) a composite number?
False
Let s(d) = 84*d + 54. Let r be s(2). Suppose -r*x + 10809 = -219*x. Is x a composite number?
True
Let z(w) be the third derivative of w**5/60 + 3*w**4/4 - 9*w**3/2 + 12*w**2. Let k be z(-19). Is ((-2770)/(-8))/((-2)/k) prime?
False
Let k = -88509 + 150242. Is k a composite number?
True
Suppose -5*b + 515 = -4*b. Let y = b + 48. Is y a prime number?
True
Suppose 198*s - 46*s - 879429111 = -871*s. Is s composite?
False
Suppose 192*c + 77*c + 14605346 - 70060503